24417?
False
Does 16 divide 249088?
True
Does 208 divide 286315?
False
Is 21 a factor of 6839700?
True
Is 1810377 a multiple of 13?
False
Is 27 a factor of 582876?
True
Is 61 a factor of 178750?
False
Is 917600 a multiple of 31?
True
Is 5 a factor of 69040?
True
Is 568215 a multiple of 3?
True
Is 321750 a multiple of 26?
True
Is 380 a factor of 194940?
True
Is 23 a factor of 2221685?
True
Is 35 a factor of 1532265?
True
Is 14 a factor of 31822?
True
Is 53 a factor of 51781?
True
Does 227 divide 169796?
True
Does 128 divide 166648?
False
Is 4886808 a multiple of 16?
False
Is 226200 a multiple of 87?
True
Is 1200772 a multiple of 9?
False
Does 23 divide 42711?
True
Is 36425994 a multiple of 21?
False
Does 57 divide 1158012?
True
Does 9 divide 3081114?
True
Is 725587 a multiple of 39?
False
Is 1096831 a multiple of 183?
False
Is 836550 a multiple of 66?
True
Is 70 a factor of 168123?
False
Is 83292 a multiple of 33?
True
Is 6580920 a multiple of 20?
True
Is 732805 a multiple of 78?
False
Is 4447093 a multiple of 74?
False
Is 360 a factor of 208800?
True
Is 2597493 a multiple of 27?
False
Is 12998581 a multiple of 79?
True
Is 24 a factor of 204529?
False
Is 34 a factor of 4515166?
True
Is 599 a factor of 1112942?
True
Does 13 divide 322007?
False
Is 65 a factor of 462865?
True
Does 27 divide 80946?
True
Does 19 divide 4980?
False
Is 1588972 a multiple of 28?
True
Is 23 a factor of 607660?
True
Is 139961 a multiple of 20?
False
Does 60 divide 5830497?
False
Is 13 a factor of 94926?
True
Is 1603453 a multiple of 313?
False
Is 774939 a multiple of 23?
True
Is 1722240 a multiple of 20?
True
Is 20385729 a multiple of 886?
False
Is 168 a factor of 2097480?
True
Is 238 a factor of 1451086?
True
Is 309788 a multiple of 33?
False
Is 53 a factor of 909551?
False
Does 2 divide 62029?
False
Is 457 a factor of 141634?
False
Is 147 a factor of 141267?
True
Does 87 divide 9002961?
False
Does 79 divide 34207?
True
Is 3915745 a multiple of 75?
False
Is 383367 a multiple of 2?
False
Is 920 a factor of 1422320?
True
Is 85 a factor of 678223?
False
Is 45 a factor of 67727?
False
Is 7591004 a multiple of 14?
False
Is 17378 even?
True
Does 135 divide 7245979?
False
Is 7 a factor of 99211?
True
Does 62 divide 12232639?
False
Does 500 divide 6478275?
False
Does 23 divide 166497?
True
Is 1628 a factor of 3601136?
True
Is 11 a factor of 30866?
True
Is 23 a factor of 5506?
False
Is 17 a factor of 262444?
False
Is 114725 a multiple of 19?
False
Is 214488 a multiple of 12?
True
Is 97 a factor of 172563?
True
Is 10586 a multiple of 158?
True
Is 446 a factor of 335648?
False
Does 37 divide 691012?
True
Is 123714 a multiple of 27?
True
Does 72 divide 96552?
True
Is 28 a factor of 1537410?
False
Is 110277 even?
False
Does 6 divide 83573?
False
Does 65 divide 185445?
True
Does 324 divide 561010?
False
Is 3630226 a multiple of 274?
True
Is 1638 a multiple of 18?
True
Is 70 a factor of 3837683?
False
Does 5 divide 120281?
False
Is 29 a factor of 637509?
False
Is 11 a factor of 745514?
True
Does 4 divide 929498?
False
Does 423 divide 6575958?
True
Does 66 divide 3085904?
False
Does 53 divide 324461?
False
Is 16528 a multiple of 156?
False
Does 10 divide 928007?
False
Is 875 a factor of 640449?
False
Is 32577 a multiple of 10?
False
Does 144 divide 1667869?
False
Is 224466 a multiple of 66?
True
Is 9 a factor of 300708?
True
Is 656447 a multiple of 4?
False
Is 23386 a multiple of 10?
False
Does 18 divide 501696?
True
Is 45 a multiple of 5?
True
Is 509 a factor of 930961?
True
Is 100 a factor of 2483010?
False
Does 89 divide 9523?
True
Is 1613864 a multiple of 644?
True
Does 25 divide 31175?
True
Is 545358 a multiple of 6?
True
Does 135 divide 47857?
False
Is 113 a factor of 2461850?
False
Does 123 divide 46617?
True
Is 6220059 a multiple of 182?
False
Is 83 a factor of 2926414?
True
Does 17 divide 5517967?
False
Does 67 divide 3588118?
True
Does 399 divide 2013242?
False
Is 113709 a multiple of 70?
False
Does 14 divide 168229?
False
Is 81 a factor of 2739096?
True
Is 29276975 a multiple of 65?
True
Is 181331 a multiple of 10?
False
Is 3219608 a multiple of 14?
True
Does 66 divide 8324778?
True
Does 55 divide 53961?
False
Is 380380 a multiple of 572?
True
Is 38588 a multiple of 22?
True
Is 217 a factor of 840007?
True
Does 389 divide 1500762?
True
Is 747 a factor of 5190635?
False
Is 6044166 a multiple of 513?
True
Is 39 a factor of 208356?
False
Is 19 a factor of 2474921?
True
Is 81141 a multiple of 51?
True
Does 9 divide 620000?
False
Is 12879 a multiple of 27?
True
Is 78069 a multiple of 13?
False
Does 14 divide 267974?
True
Does 186 divide 693456?
False
Does 6 divide 15270?
True
Is 9 a factor of 28166?
False
Is 7600887 a multiple of 357?
True
Is 249 a factor of 2092596?
True
Does 7 divide 24059?
True
Does 29 divide 836428?
False
Is 13 a factor of 27261?
True
Is 4395621 a multiple of 101?
True
Is 175 a factor of 1306900?
True
Does 44 divide 107800?
True
Does 297 divide 110913?
False
Is 254436 a multiple of 21?
True
Does 11 divide 386694?
True
Is 20 a factor of 350420?
True
Is 244 a factor of 4385656?
True
Does 282 divide 427954?
False
Is 1131328 a multiple of 11?
True
Is 2932063 a multiple of 16?
False
Is 8 a factor of 7308?
False
Is 146 a factor of 90082?
True
Is 11 a factor of 2547380?
True
Is 259519 a multiple of 13?
True
Is 2958066 a multiple of 54?
True
Does 66 divide 517836?
True
Is 148769 a multiple of 346?
False
Does 108 divide 1228068?
True
Is 7604307 a multiple of 13?
False
Does 16 divide 1019684?
False
Is 142 a factor of 43310?
True
Does 165 divide 758372?
False
Does 684 divide 871036?
False
Is 366720 a multiple of 16?
True
Does 52 divide 28340?
True
Is 67 a factor of 202103?
False
Is 42 a factor of 1064910?
True
Does 39 divide 108030?
True
Is 30 a factor of 2064570?
True
Does 1139 divide 7090275?
True
Is 6 a factor of 4179481?
False
Is 445 a factor of 2402110?
True
Does 73 divide 1953697?
False
Is 26039 a multiple of 6?
False
Does 194 divide 175570?
True
Does 145 divide 2496755?
True
Is 77 a factor of 64603?
True
Is 153 a factor of 416327?
False
Is 5 a factor of 454610?
True
Is 16 a factor of 1584917?
False
Is 112 a factor of 44352?
True
Is 6 a factor of 384285?
False
Is 534 a factor of 266833?
False
Is 43 a factor of 201773?
False
Is 188776 a multiple of 28?
True
Does 15 divide 19033560?
True
Does 1107 divide 5617985?
False
Does 30 divide 474900?
True
Does 3 divide 53927?
False
Does 606 divide 881730?
True
Is 99 a factor of 229185?
True
Does 11 divide 556127?
True
Is 1482004 a multiple of 94?
True
Is 10959112 a multiple of 446?
True
Is 3 a factor of 373277?
False
Does 93 divide 1469431?
False
Does 13 divide 257671?
False
Is 118459 a multiple of 121?
True
Is 189 a factor of 1310904?
True
Is 72767 a multiple of 265?
False
Is 177120 a multiple of 432?
True
Is 6 a factor of 466578?
True
Is 65 a factor of 7586930?
True
Is 17 a factor of 59075?
True
Is 970 a factor of 4878130?
True
Is 126 a factor of 144460?
False
Does 14 divide 12863?
False
Does 15 divide 11167410?
True
Does 75 divide 274827?
False
Is 5301945 a multiple of 15?
True
Is 3 a factor of 19647?
True
Is 302309 a multiple of 109?
False
Does 223 divide 810137?
False
Does 3 divide 701460?
True
Is 99 a factor of 348410?
False
Does 506 divide 6933446?
False
Is 73 a factor of 620792?
True
Is 6985281 a multiple of 19?
False
Does 9 divide 7930332?
True
Is 486 a factor of 930204?
True
Is 138 a factor of 686916?
False
Is 107719 a multiple of 17?
False
Is 2484 a multiple of 207?
True
Does 102 divide 255102?
True
Is 261632 a multiple of 292?
True
Is 167 a factor of 387336?
False
Does 4 divide 30050?
False
Does 5 divide 1704685?
True
Does 57 divide 702542?
False
Is 5444732 a multiple of 6?
False
Does 32 divide 44352?
True
Is 77175 a multiple of 21?
True
Is 14 a factor of 1955520?
True
Is 447 a factor of 559644?
True
Is 8 a factor of 339700?
False
Is 99 a factor of 169290?
True
Is 1459665 a multiple of 9?
True
Is 6 a factor of 75171?
False
Is 173090 a multiple of 7?
False
Is 108 a factor of 1097690?
False
Is 201300 a multiple of 25?
True
Is 734934 a multiple of 7?
False
Is 2 a factor of 257698?
True
Is 84 a factor of 101364?
False
Is 66 a factor of 2147789?
False
Is 1738726 a multiple of 106?
False
Is 11 a factor of 1086171